{"id":2106,"date":"2020-02-03T20:00:45","date_gmt":"2020-02-03T20:00:45","guid":{"rendered":"https:\/\/massacarrara-live.it\/?page_id=2106"},"modified":"2021-04-30T10:45:17","modified_gmt":"2021-04-30T10:45:17","slug":"castello-della-villa-di-tresana-lunigiana-massacarraralive","status":"publish","type":"page","link":"https:\/\/massacarrara-live.it\/index.php\/edifici-di-interesse-lunigiana\/castello-della-villa-di-tresana-lunigiana-massacarraralive\/","title":{"rendered":"Castello della Villa di Tresana"},"content":{"rendered":"\n<p>Forse da una elementare fortificazione trecentesca, a forma di parallelepipedo, il castello si \u00e8 arricchito nel 1400 di due torri cilindriche poste diagonalmente e alle cui basi si notano ancora le feritoie per le armi da fuoco. Dalla met\u00e0 del secolo scorso \u00e8 stato utilizzato come costruzione agricola e soltanto di recente \u00e8 stato restaurato e arredato.<\/p>\n\n\n\n<p>Si tratta di una semplice costruzione massiccia, a pianta quadrangolare, interamente in pietra con giunti di malta. Il muro perimetrale presenta sui quattro lati una scarpa al di sotto di un cordolo continuo in pietra e una serie disordinata di bucature di dimensioni diverse e di balestriere nei torrioni angolari, a testimonianza delle trasformazioni subite nel tempo<\/p>\n","protected":false},"excerpt":{"rendered":"<p>Forse da una elementare fortificazione trecentesca, a forma di parallelepipedo, il castello si \u00e8 arricchito nel 1400 di due torri cilindriche poste diagonalmente e alle cui basi si notano ancora le feritoie per le armi da fuoco. Dalla met\u00e0 del secolo scorso \u00e8 stato utilizzato come costruzione agricola e soltanto &hellip;<\/p>\n","protected":false},"author":1,"featured_media":2216,"parent":2097,"menu_order":0,"comment_status":"closed","ping_status":"closed","template":"","meta":{"footnotes":""},"class_list":["post-2106","page","type-page","status-publish","has-post-thumbnail","hentry"],"yoast_head":"<!-- This site is optimized with the Yoast SEO plugin v27.5 - https:\/\/yoast.com\/product\/yoast-seo-wordpress\/ -->\n<title>Castello della Villa di Tresana - Massa Carrara Live<\/title>\n<meta name=\"description\" content=\"Forse da una elementare fortificazione trecentesca, a forma di parallelepipedo, il castello si \u00e8 arricchito nel 1400 di due torri cilindriche poste diagonalmente e alle cui basi si notano ancora le feritoie per le armi da fuoco.\" \/>\n<meta name=\"robots\" content=\"index, follow, max-snippet:-1, max-image-preview:large, max-video-preview:-1\" \/>\n<link rel=\"canonical\" href=\"https:\/\/massacarrara-live.it\/index.php\/edifici-di-interesse-lunigiana\/castello-della-villa-di-tresana-lunigiana-massacarraralive\/\" \/>\n<meta property=\"og:locale\" content=\"it_IT\" \/>\n<meta property=\"og:type\" content=\"article\" \/>\n<meta property=\"og:title\" content=\"Castello della Villa di Tresana - Massa Carrara Live\" \/>\n<meta property=\"og:description\" content=\"Forse da una elementare fortificazione trecentesca, a forma di parallelepipedo, il castello si \u00e8 arricchito nel 1400 di due torri cilindriche poste diagonalmente e alle cui basi si notano ancora le feritoie per le armi da fuoco.\" \/>\n<meta property=\"og:url\" content=\"https:\/\/massacarrara-live.it\/index.php\/edifici-di-interesse-lunigiana\/castello-della-villa-di-tresana-lunigiana-massacarraralive\/\" \/>\n<meta property=\"og:site_name\" content=\"Massa Carrara Live\" \/>\n<meta property=\"article:modified_time\" content=\"2021-04-30T10:45:17+00:00\" \/>\n<meta property=\"og:image\" content=\"https:\/\/massacarrara-live.it\/wp-content\/uploads\/2020\/02\/CastelloVilla.jpg\" \/>\n\t<meta property=\"og:image:width\" content=\"912\" \/>\n\t<meta property=\"og:image:height\" content=\"684\" \/>\n\t<meta property=\"og:image:type\" content=\"image\/jpeg\" \/>\n<meta name=\"twitter:card\" content=\"summary_large_image\" \/>\n<meta name=\"twitter:label1\" content=\"Tempo di lettura stimato\" \/>\n\t<meta name=\"twitter:data1\" content=\"1 minuto\" \/>\n<script type=\"application\/ld+json\" class=\"yoast-schema-graph\">{\"@context\":\"https:\\\/\\\/schema.org\",\"@graph\":[{\"@type\":\"WebPage\",\"@id\":\"https:\\\/\\\/massacarrara-live.it\\\/index.php\\\/edifici-di-interesse-lunigiana\\\/castello-della-villa-di-tresana-lunigiana-massacarraralive\\\/\",\"url\":\"https:\\\/\\\/massacarrara-live.it\\\/index.php\\\/edifici-di-interesse-lunigiana\\\/castello-della-villa-di-tresana-lunigiana-massacarraralive\\\/\",\"name\":\"Castello della Villa di Tresana - Massa Carrara Live\",\"isPartOf\":{\"@id\":\"https:\\\/\\\/massacarrara-live.it\\\/#website\"},\"primaryImageOfPage\":{\"@id\":\"https:\\\/\\\/massacarrara-live.it\\\/index.php\\\/edifici-di-interesse-lunigiana\\\/castello-della-villa-di-tresana-lunigiana-massacarraralive\\\/#primaryimage\"},\"image\":{\"@id\":\"https:\\\/\\\/massacarrara-live.it\\\/index.php\\\/edifici-di-interesse-lunigiana\\\/castello-della-villa-di-tresana-lunigiana-massacarraralive\\\/#primaryimage\"},\"thumbnailUrl\":\"https:\\\/\\\/massacarrara-live.it\\\/wp-content\\\/uploads\\\/2020\\\/02\\\/CastelloVilla.jpg\",\"datePublished\":\"2020-02-03T20:00:45+00:00\",\"dateModified\":\"2021-04-30T10:45:17+00:00\",\"description\":\"Forse da una elementare fortificazione trecentesca, a forma di parallelepipedo, il castello si \u00e8 arricchito nel 1400 di due torri cilindriche poste diagonalmente e alle cui basi si notano ancora le feritoie per le armi da fuoco.\",\"breadcrumb\":{\"@id\":\"https:\\\/\\\/massacarrara-live.it\\\/index.php\\\/edifici-di-interesse-lunigiana\\\/castello-della-villa-di-tresana-lunigiana-massacarraralive\\\/#breadcrumb\"},\"inLanguage\":\"it-IT\",\"potentialAction\":[{\"@type\":\"ReadAction\",\"target\":[\"https:\\\/\\\/massacarrara-live.it\\\/index.php\\\/edifici-di-interesse-lunigiana\\\/castello-della-villa-di-tresana-lunigiana-massacarraralive\\\/\"]}]},{\"@type\":\"ImageObject\",\"inLanguage\":\"it-IT\",\"@id\":\"https:\\\/\\\/massacarrara-live.it\\\/index.php\\\/edifici-di-interesse-lunigiana\\\/castello-della-villa-di-tresana-lunigiana-massacarraralive\\\/#primaryimage\",\"url\":\"https:\\\/\\\/massacarrara-live.it\\\/wp-content\\\/uploads\\\/2020\\\/02\\\/CastelloVilla.jpg\",\"contentUrl\":\"https:\\\/\\\/massacarrara-live.it\\\/wp-content\\\/uploads\\\/2020\\\/02\\\/CastelloVilla.jpg\",\"width\":912,\"height\":684},{\"@type\":\"BreadcrumbList\",\"@id\":\"https:\\\/\\\/massacarrara-live.it\\\/index.php\\\/edifici-di-interesse-lunigiana\\\/castello-della-villa-di-tresana-lunigiana-massacarraralive\\\/#breadcrumb\",\"itemListElement\":[{\"@type\":\"ListItem\",\"position\":1,\"name\":\"Home\",\"item\":\"https:\\\/\\\/massacarrara-live.it\\\/\"},{\"@type\":\"ListItem\",\"position\":2,\"name\":\"Edifici di interesse Lunigiana\",\"item\":\"https:\\\/\\\/massacarrara-live.it\\\/index.php\\\/edifici-di-interesse-lunigiana\\\/\"},{\"@type\":\"ListItem\",\"position\":3,\"name\":\"Castello della Villa di Tresana\"}]},{\"@type\":\"WebSite\",\"@id\":\"https:\\\/\\\/massacarrara-live.it\\\/#website\",\"url\":\"https:\\\/\\\/massacarrara-live.it\\\/\",\"name\":\"Massa Carrara Live\",\"description\":\"Informazioni provincia di Massa Carrara\",\"publisher\":{\"@id\":\"https:\\\/\\\/massacarrara-live.it\\\/#organization\"},\"potentialAction\":[{\"@type\":\"SearchAction\",\"target\":{\"@type\":\"EntryPoint\",\"urlTemplate\":\"https:\\\/\\\/massacarrara-live.it\\\/?s={search_term_string}\"},\"query-input\":{\"@type\":\"PropertyValueSpecification\",\"valueRequired\":true,\"valueName\":\"search_term_string\"}}],\"inLanguage\":\"it-IT\"},{\"@type\":\"Organization\",\"@id\":\"https:\\\/\\\/massacarrara-live.it\\\/#organization\",\"name\":\"Global Art Srls\",\"url\":\"https:\\\/\\\/massacarrara-live.it\\\/\",\"logo\":{\"@type\":\"ImageObject\",\"inLanguage\":\"it-IT\",\"@id\":\"https:\\\/\\\/massacarrara-live.it\\\/#\\\/schema\\\/logo\\\/image\\\/\",\"url\":\"https:\\\/\\\/massacarrara-live.it\\\/wp-content\\\/uploads\\\/2020\\\/02\\\/logoNewPic-copia.jpg\",\"contentUrl\":\"https:\\\/\\\/massacarrara-live.it\\\/wp-content\\\/uploads\\\/2020\\\/02\\\/logoNewPic-copia.jpg\",\"width\":1194,\"height\":881,\"caption\":\"Global Art Srls\"},\"image\":{\"@id\":\"https:\\\/\\\/massacarrara-live.it\\\/#\\\/schema\\\/logo\\\/image\\\/\"}}]}<\/script>\n<!-- \/ Yoast SEO plugin. -->","yoast_head_json":{"title":"Castello della Villa di Tresana - Massa Carrara Live","description":"Forse da una elementare fortificazione trecentesca, a forma di parallelepipedo, il castello si \u00e8 arricchito nel 1400 di due torri cilindriche poste diagonalmente e alle cui basi si notano ancora le feritoie per le armi da fuoco.","robots":{"index":"index","follow":"follow","max-snippet":"max-snippet:-1","max-image-preview":"max-image-preview:large","max-video-preview":"max-video-preview:-1"},"canonical":"https:\/\/massacarrara-live.it\/index.php\/edifici-di-interesse-lunigiana\/castello-della-villa-di-tresana-lunigiana-massacarraralive\/","og_locale":"it_IT","og_type":"article","og_title":"Castello della Villa di Tresana - Massa Carrara Live","og_description":"Forse da una elementare fortificazione trecentesca, a forma di parallelepipedo, il castello si \u00e8 arricchito nel 1400 di due torri cilindriche poste diagonalmente e alle cui basi si notano ancora le feritoie per le armi da fuoco.","og_url":"https:\/\/massacarrara-live.it\/index.php\/edifici-di-interesse-lunigiana\/castello-della-villa-di-tresana-lunigiana-massacarraralive\/","og_site_name":"Massa Carrara Live","article_modified_time":"2021-04-30T10:45:17+00:00","og_image":[{"width":912,"height":684,"url":"https:\/\/massacarrara-live.it\/wp-content\/uploads\/2020\/02\/CastelloVilla.jpg","type":"image\/jpeg"}],"twitter_card":"summary_large_image","twitter_misc":{"Tempo di lettura stimato":"1 minuto"},"schema":{"@context":"https:\/\/schema.org","@graph":[{"@type":"WebPage","@id":"https:\/\/massacarrara-live.it\/index.php\/edifici-di-interesse-lunigiana\/castello-della-villa-di-tresana-lunigiana-massacarraralive\/","url":"https:\/\/massacarrara-live.it\/index.php\/edifici-di-interesse-lunigiana\/castello-della-villa-di-tresana-lunigiana-massacarraralive\/","name":"Castello della Villa di Tresana - Massa Carrara Live","isPartOf":{"@id":"https:\/\/massacarrara-live.it\/#website"},"primaryImageOfPage":{"@id":"https:\/\/massacarrara-live.it\/index.php\/edifici-di-interesse-lunigiana\/castello-della-villa-di-tresana-lunigiana-massacarraralive\/#primaryimage"},"image":{"@id":"https:\/\/massacarrara-live.it\/index.php\/edifici-di-interesse-lunigiana\/castello-della-villa-di-tresana-lunigiana-massacarraralive\/#primaryimage"},"thumbnailUrl":"https:\/\/massacarrara-live.it\/wp-content\/uploads\/2020\/02\/CastelloVilla.jpg","datePublished":"2020-02-03T20:00:45+00:00","dateModified":"2021-04-30T10:45:17+00:00","description":"Forse da una elementare fortificazione trecentesca, a forma di parallelepipedo, il castello si \u00e8 arricchito nel 1400 di due torri cilindriche poste diagonalmente e alle cui basi si notano ancora le feritoie per le armi da fuoco.","breadcrumb":{"@id":"https:\/\/massacarrara-live.it\/index.php\/edifici-di-interesse-lunigiana\/castello-della-villa-di-tresana-lunigiana-massacarraralive\/#breadcrumb"},"inLanguage":"it-IT","potentialAction":[{"@type":"ReadAction","target":["https:\/\/massacarrara-live.it\/index.php\/edifici-di-interesse-lunigiana\/castello-della-villa-di-tresana-lunigiana-massacarraralive\/"]}]},{"@type":"ImageObject","inLanguage":"it-IT","@id":"https:\/\/massacarrara-live.it\/index.php\/edifici-di-interesse-lunigiana\/castello-della-villa-di-tresana-lunigiana-massacarraralive\/#primaryimage","url":"https:\/\/massacarrara-live.it\/wp-content\/uploads\/2020\/02\/CastelloVilla.jpg","contentUrl":"https:\/\/massacarrara-live.it\/wp-content\/uploads\/2020\/02\/CastelloVilla.jpg","width":912,"height":684},{"@type":"BreadcrumbList","@id":"https:\/\/massacarrara-live.it\/index.php\/edifici-di-interesse-lunigiana\/castello-della-villa-di-tresana-lunigiana-massacarraralive\/#breadcrumb","itemListElement":[{"@type":"ListItem","position":1,"name":"Home","item":"https:\/\/massacarrara-live.it\/"},{"@type":"ListItem","position":2,"name":"Edifici di interesse Lunigiana","item":"https:\/\/massacarrara-live.it\/index.php\/edifici-di-interesse-lunigiana\/"},{"@type":"ListItem","position":3,"name":"Castello della Villa di Tresana"}]},{"@type":"WebSite","@id":"https:\/\/massacarrara-live.it\/#website","url":"https:\/\/massacarrara-live.it\/","name":"Massa Carrara Live","description":"Informazioni provincia di Massa Carrara","publisher":{"@id":"https:\/\/massacarrara-live.it\/#organization"},"potentialAction":[{"@type":"SearchAction","target":{"@type":"EntryPoint","urlTemplate":"https:\/\/massacarrara-live.it\/?s={search_term_string}"},"query-input":{"@type":"PropertyValueSpecification","valueRequired":true,"valueName":"search_term_string"}}],"inLanguage":"it-IT"},{"@type":"Organization","@id":"https:\/\/massacarrara-live.it\/#organization","name":"Global Art Srls","url":"https:\/\/massacarrara-live.it\/","logo":{"@type":"ImageObject","inLanguage":"it-IT","@id":"https:\/\/massacarrara-live.it\/#\/schema\/logo\/image\/","url":"https:\/\/massacarrara-live.it\/wp-content\/uploads\/2020\/02\/logoNewPic-copia.jpg","contentUrl":"https:\/\/massacarrara-live.it\/wp-content\/uploads\/2020\/02\/logoNewPic-copia.jpg","width":1194,"height":881,"caption":"Global Art Srls"},"image":{"@id":"https:\/\/massacarrara-live.it\/#\/schema\/logo\/image\/"}}]}},"_links":{"self":[{"href":"https:\/\/massacarrara-live.it\/index.php\/wp-json\/wp\/v2\/pages\/2106","targetHints":{"allow":["GET"]}}],"collection":[{"href":"https:\/\/massacarrara-live.it\/index.php\/wp-json\/wp\/v2\/pages"}],"about":[{"href":"https:\/\/massacarrara-live.it\/index.php\/wp-json\/wp\/v2\/types\/page"}],"author":[{"embeddable":true,"href":"https:\/\/massacarrara-live.it\/index.php\/wp-json\/wp\/v2\/users\/1"}],"replies":[{"embeddable":true,"href":"https:\/\/massacarrara-live.it\/index.php\/wp-json\/wp\/v2\/comments?post=2106"}],"version-history":[{"count":1,"href":"https:\/\/massacarrara-live.it\/index.php\/wp-json\/wp\/v2\/pages\/2106\/revisions"}],"predecessor-version":[{"id":2107,"href":"https:\/\/massacarrara-live.it\/index.php\/wp-json\/wp\/v2\/pages\/2106\/revisions\/2107"}],"up":[{"embeddable":true,"href":"https:\/\/massacarrara-live.it\/index.php\/wp-json\/wp\/v2\/pages\/2097"}],"wp:featuredmedia":[{"embeddable":true,"href":"https:\/\/massacarrara-live.it\/index.php\/wp-json\/wp\/v2\/media\/2216"}],"wp:attachment":[{"href":"https:\/\/massacarrara-live.it\/index.php\/wp-json\/wp\/v2\/media?parent=2106"}],"curies":[{"name":"wp","href":"https:\/\/api.w.org\/{rel}","templated":true}]}}